{"id":6406,"date":"2023-11-21T16:47:27","date_gmt":"2023-11-21T13:47:27","guid":{"rendered":"https:\/\/www.mettoils.com\/?post_type=product&#038;p=6406"},"modified":"2024-11-18T22:32:19","modified_gmt":"2024-11-18T19:32:19","slug":"nane-ucucu-yagi-dogal-ve-saf","status":"publish","type":"product","link":"https:\/\/www.mettoils.com\/?product=nane-ucucu-yagi-dogal-ve-saf","title":{"rendered":"Nane U\u00e7ucu Ya\u011f\u0131 &#038; Do\u011fal ve Saf"},"content":{"rendered":"<p><strong>So\u011fuk R\u00fczgarlar\u0131n Esintisi: U\u00e7ucu Nane Ya\u011f\u0131<\/strong><\/p>\n<p>\u2018\u00dcnl\u00fc yazar Willafried de Strabo: &#8220;E\u011fer bir kimse, nanenin t\u00fcm \u00f6zelliklerini listeleyebilirse, Hint Okyanusu&#8217;nda ka\u00e7 bal\u0131\u011f\u0131n y\u00fczd\u00fc\u011f\u00fcn\u00fc de \u015f\u00fcphesiz bilecektir.&#8221; demi\u015ftir.\u2019<\/p>\n<p><span style=\"font-weight: 400;\">1730 y\u0131l\u0131nda \u0130ngiliz farmakopesine dahil edilmi\u015ftir ve o zamandan beri d\u00fcnya \u00e7ap\u0131nda hemen hemen t\u00fcm eczanelerde bulunmaktad\u0131r.\u00a0<\/span><span style=\"font-weight: 400;\">\u0130braniler aras\u0131nda parf\u00fcm\u00fcn bir bile\u015feniydi.\u00a0<\/span><span style=\"font-weight: 400;\">Afrodizyak \u00f6zelli\u011fi oldu\u011funa inan\u0131l\u0131yor.<\/span> <span style=\"font-weight: 400;\">\u0130nsanl\u0131k tarihi boyunca bu bitki, \u00e7ok ama\u00e7l\u0131 bir bitki ve bile\u015fenleri art\u0131k d\u00fcnya \u00e7ap\u0131nda kozmetik, mutfak ve sa\u011fl\u0131k end\u00fcstrileri taraf\u0131ndan kullan\u0131lan bir esansiyel ya\u011f olarak de\u011ferlendirilmi\u015ftir.\u00a0Dahili olarak kulland\u0131\u011f\u0131n\u0131zda, Nane ya\u011f\u0131, ara s\u0131ra meydana gelen mide rahats\u0131zl\u0131klar\u0131n\u0131 hafifletmeye ve sa\u011fl\u0131kl\u0131 solunum fonksiyonunu destekleme yetene\u011fiyle de bilinir.<\/span><\/p>\n<p><strong>Faydalar\u0131:<\/strong><\/p>\n<p><b>Duygusal y\u00f6nler<\/b><\/p>\n<ul>\n<li style=\"font-weight: 400;\" aria-level=\"1\"><span style=\"font-weight: 400;\">Canland\u0131r\u0131c\u0131d\u0131r, enerji ve canl\u0131l\u0131k getirir;<\/span><\/li>\n<li style=\"font-weight: 400;\" aria-level=\"1\"><span style=\"font-weight: 400;\">Denge ve rahatl\u0131k sa\u011flar;<\/span><\/li>\n<li style=\"font-weight: 400;\" aria-level=\"1\"><span style=\"font-weight: 400;\">Zihinsel yorgunlu\u011fa olumlu etki eder, bitkinlik, \u00fcz\u00fcnt\u00fc, stres ve ba\u015f d\u00f6nmesine yard\u0131mc\u0131 olur.<\/span><\/li>\n<\/ul>\n<p><b>Bedensel y\u00f6nler<\/b><\/p>\n<ul>\n<li style=\"font-weight: 400;\" aria-level=\"1\"><span style=\"font-weight: 400;\">Haz\u0131ms\u0131zl\u0131\u011fa ve halsizli\u011fe iyi gelir;<\/span><\/li>\n<li style=\"font-weight: 400;\" aria-level=\"1\"><span style=\"font-weight: 400;\">Ba\u015f a\u011fr\u0131lar\u0131n\u0131 ve migreni hafifletebilir;<\/span><\/li>\n<li style=\"font-weight: 400;\" aria-level=\"1\"><span style=\"font-weight: 400;\">Genel olarak kas a\u011fr\u0131lar\u0131na faydal\u0131d\u0131r;<\/span><\/li>\n<li style=\"font-weight: 400;\" aria-level=\"1\"><span style=\"font-weight: 400;\">Balgam s\u00f6kt\u00fcr\u00fcc\u00fc ve dekonjestan, <\/span><span style=\"font-weight: 400;\">burun pasajlar\u0131n\u0131n serbest b\u0131rak\u0131lmas\u0131n\u0131 te\u015fvik eder;<\/span><\/li>\n<li style=\"font-weight: 400;\" aria-level=\"1\"><span style=\"font-weight: 400;\">Solunum problemlerine (rinit, sin\u00fczit) yard\u0131mc\u0131 olur.<\/span><\/li>\n<\/ul>\n<p><b>Kozmetik y\u00f6nler<\/b><\/p>\n<ul>\n<li style=\"font-weight: 400;\" aria-level=\"1\"><span style=\"font-weight: 400;\">Antioksidan, cilt ve sa\u00e7taki ya\u011fl\u0131l\u0131\u011f\u0131n azalt\u0131lmas\u0131na yard\u0131mc\u0131 olur;<\/span><\/li>\n<li style=\"font-weight: 400;\" aria-level=\"1\"><span style=\"font-weight: 400;\">Akne ve siyah noktalar\u0131n tedavisine yard\u0131mc\u0131 olur;<\/span><\/li>\n<li style=\"font-weight: 400;\" aria-level=\"1\"><span style=\"font-weight: 400;\">Sel\u00fclit g\u00f6r\u00fcn\u00fcm\u00fcn\u00fcn azalmas\u0131na yard\u0131mc\u0131 olur.<\/span><\/li>\n<\/ul>\n<p><b>Kullan\u0131m Alanlar\u0131<\/b><\/p>\n<ul>\n<li style=\"font-weight: 400;\" aria-level=\"1\"><span style=\"font-weight: 400;\">Bir damlay\u0131 az miktarda suyla birle\u015ftirin ve ferahlat\u0131c\u0131 bir a\u011f\u0131z durulamas\u0131 i\u00e7in \u00e7alkalay\u0131n.<\/span><\/li>\n<li style=\"font-weight: 400;\" aria-level=\"1\"><span style=\"font-weight: 400;\">Ara s\u0131ra meydana gelen mide rahats\u0131zl\u0131\u011f\u0131n\u0131 hafifletmeye suya ve i\u00e7ece\u011finize 1 damla damlatarak t\u00fcketin. Naneli bir dokunu\u015f i\u00e7in favori smoothie tarifinize bir damla ekleyin.<\/span><\/li>\n<li style=\"font-weight: 400;\" aria-level=\"1\"><span style=\"font-weight: 400;\">Bir damlay\u0131 avucunuzun i\u00e7ine koyun ve \u00f6\u011fle vakti canlanmak i\u00e7in i\u00e7inize \u00e7ekin.<\/span><\/li>\n<\/ul>\n<p><b>Kullan\u0131m talimatlar\u0131<\/b><\/p>\n<p><b>Aromatik kullan\u0131m:<\/b><span style=\"font-weight: 400;\">\u00a0Se\u00e7ti\u011finiz dif\u00fcz\u00f6re \u00fc\u00e7 ila d\u00f6rt damla nane ya\u011f\u0131 damlat\u0131n.<\/span><span style=\"font-weight: 400;\"><br \/>\n<\/span><b>Dahili kullan\u0131m:<\/b><span style=\"font-weight: 400;\">\u00a0Bir damla naneyi d\u00f6rt s\u0131v\u0131 ons (\u02dc120 ml) s\u0131v\u0131yla seyreltin.<\/span><span style=\"font-weight: 400;\"><br \/>\n<\/span><b>Topikal kullan\u0131m:<\/b><span style=\"font-weight: 400;\">\u00a0\u0130stenilen b\u00f6lgeye bir veya iki damla uygulay\u0131n.\u00a0Cilt hassasiyetini en aza indirmek i\u00e7in nane damlalar\u0131n\u0131 ta\u015f\u0131y\u0131c\u0131 ya\u011fla seyreltin.\u00a0A\u015fa\u011f\u0131daki ek \u00f6nlemlere bak\u0131n.<\/span><\/p>\n<p><b>Nas\u0131l kullan\u0131l\u0131r<\/b><\/p>\n<p><b>Y\u00fcz ya\u011f\u0131:<\/b><span style=\"font-weight: 400;\">\u00a01 \u00e7ay ka\u015f\u0131\u011f\u0131 bitkisel ya\u011fa 1 damla;<\/span><\/p>\n<p><b>Sa\u00e7 ya\u011f\u0131:<\/b><span style=\"font-weight: 400;\">\u00a0Bir yemek ka\u015f\u0131\u011f\u0131 bitkisel ya\u011fa ortalama 6 damla;<\/span><\/p>\n<p><b>Topikal kullan\u0131m:<\/b><span style=\"font-weight: 400;\">\u00a0Yemek ka\u015f\u0131\u011f\u0131 bitkisel ya\u011f ba\u015f\u0131na ortalama 6 damla.<\/span><\/p>\n<p><span style=\"font-weight: 400;\">Nane Esansiyel Ya\u011f\u0131 %100 saft\u0131r ve yapay esansiyel ya\u011flar, silikon, parabenler, s\u00fclfatlar ve zararl\u0131 olabilecek di\u011fer maddeler gibi koruyucu maddeler ve bile\u015fenler i\u00e7ermez.<\/span><\/p>\n<p><span style=\"font-weight: 400;\">Nane Esansiyel Ya\u011f\u0131, inhalerlerde, t\u0131bbi killerde, n\u00f6tr bazl\u0131 kremlerde, aromalarda esansiyel ya\u011f damlalar\u0131nda, dif\u00fcz\u00f6rlerde, masaj jellerinde ve do\u011fal kozmetik \u00fcretiminde kullan\u0131labilir.<\/span><\/p>\n<p>Uyar\u0131lar:<br \/>\nU\u00e7ucu nane ya\u011f\u0131n\u0131 kullan\u0131rken dikkat edilmesi gereken baz\u0131 \u00f6nemli uyar\u0131lar \u015funlard\u0131r:<br \/>\nHamilelik d\u00f6neminde ve emzirme s\u00fcrecinde kullanmadan \u00f6nce bir uzmana dan\u0131\u015f\u0131lmal\u0131d\u0131r.<br \/>\nG\u00f6zle temas etmemesi \u00f6nemlidir; temas halinde bol suyla y\u0131kanmal\u0131d\u0131r.<br \/>\n\u00c7ocuklara ve bebeklere do\u011frudan uygulanmamal\u0131d\u0131r; cilde seyreltilmi\u015f \u015fekilde uygulanmal\u0131d\u0131r.<\/p>\n","protected":false},"excerpt":{"rendered":"<p>So\u011fuk R\u00fczgarlar\u0131n Esintisi: U\u00e7ucu Nane Ya\u011f\u0131 \u2018\u00dcnl\u00fc yazar Willafried de Strabo: &#8220;E\u011fer bir kimse, nanenin t\u00fcm \u00f6zelliklerini listeleyebilirse, Hint Okyanusu&#8217;nda ka\u00e7 bal\u0131\u011f\u0131n y\u00fczd\u00fc\u011f\u00fcn\u00fc de \u015f\u00fcphesiz bilecektir.&#8221; demi\u015ftir.\u2019 1730 y\u0131l\u0131nda \u0130ngiliz farmakopesine dahil edilmi\u015ftir ve o zamandan beri d\u00fcnya \u00e7ap\u0131nda hemen hemen t\u00fcm eczanelerde bulunmaktad\u0131r.\u00a0\u0130braniler aras\u0131nda parf\u00fcm\u00fcn bir bile\u015feniydi.\u00a0Afrodizyak \u00f6zelli\u011fi oldu\u011funa inan\u0131l\u0131yor. \u0130nsanl\u0131k tarihi boyunca bu [&hellip;]<\/p>\n","protected":false},"featured_media":6835,"comment_status":"open","ping_status":"closed","template":"","meta":[],"product_cat":[15,134],"product_tag":[],"class_list":{"0":"post-6406","1":"product","2":"type-product","3":"status-publish","4":"has-post-thumbnail","6":"product_cat-tum-urunler","7":"product_cat-zihinsel-ve-duygusal-denge","9":"first","10":"instock","11":"taxable","12":"shipping-taxable","13":"purchasable","14":"product-type-simple"},"_links":{"self":[{"href":"https:\/\/www.mettoils.com\/index.php?rest_route=\/wp\/v2\/product\/6406","targetHints":{"allow":["GET"]}}],"collection":[{"href":"https:\/\/www.mettoils.com\/index.php?rest_route=\/wp\/v2\/product"}],"about":[{"href":"https:\/\/www.mettoils.com\/index.php?rest_route=\/wp\/v2\/types\/product"}],"replies":[{"embeddable":true,"href":"https:\/\/www.mettoils.com\/index.php?rest_route=%2Fwp%2Fv2%2Fcomments&post=6406"}],"version-history":[{"count":4,"href":"https:\/\/www.mettoils.com\/index.php?rest_route=\/wp\/v2\/product\/6406\/revisions"}],"predecessor-version":[{"id":6913,"href":"https:\/\/www.mettoils.com\/index.php?rest_route=\/wp\/v2\/product\/6406\/revisions\/6913"}],"wp:featuredmedia":[{"embeddable":true,"href":"https:\/\/www.mettoils.com\/index.php?rest_route=\/wp\/v2\/media\/6835"}],"wp:attachment":[{"href":"https:\/\/www.mettoils.com\/index.php?rest_route=%2Fwp%2Fv2%2Fmedia&parent=6406"}],"wp:term":[{"taxonomy":"product_cat","embeddable":true,"href":"https:\/\/www.mettoils.com\/index.php?rest_route=%2Fwp%2Fv2%2Fproduct_cat&post=6406"},{"taxonomy":"product_tag","embeddable":true,"href":"https:\/\/www.mettoils.com\/index.php?rest_route=%2Fwp%2Fv2%2Fproduct_tag&post=6406"}],"curies":[{"name":"wp","href":"https:\/\/api.w.org\/{rel}","templated":true}]}}