{"id":6424,"date":"2023-11-21T17:01:13","date_gmt":"2023-11-21T14:01:13","guid":{"rendered":"https:\/\/www.mettoils.com\/?post_type=product&#038;p=6424"},"modified":"2024-11-18T22:32:19","modified_gmt":"2024-11-18T19:32:19","slug":"defne-ucucu-yagi-dogal-ve-saf","status":"publish","type":"product","link":"https:\/\/www.mettoils.com\/?product=defne-ucucu-yagi-dogal-ve-saf","title":{"rendered":"Defne U\u00e7ucu Ya\u011f\u0131 &#038; Do\u011fal ve Saf"},"content":{"rendered":"<p><strong>Efsanevi Yaprak: U\u00e7ucu Defne Ya\u011f\u0131n\u0131n S\u0131rl\u0131 D\u00fcnyas\u0131<\/strong><\/p>\n<p>U\u00e7ucu defne ya\u011f\u0131, tarihi antik Roma d\u00f6nemlerine dayanan defne a\u011fac\u0131n\u0131n yapraklar\u0131ndan elde edilir. Antik Yunan ve Roma k\u00fclt\u00fcrlerinde sembolik bir \u00f6neme sahip olan defne, g\u00fczellik ve sa\u011fl\u0131k rit\u00fcallerinde yayg\u0131n olarak kullan\u0131lm\u0131\u015ft\u0131r. Defne dal\u0131n\u0131n mitolojik dokunu\u015fu, bu ya\u011f\u0131 tarih boyunca de\u011ferli k\u0131lm\u0131\u015ft\u0131r.<\/p>\n<p>Mitolojik Esinti: U\u00e7ucu Defne Ya\u011f\u0131 \u0130le Yeniden Do\u011fun!<br \/>\nDefne ya\u011f\u0131n\u0131n b\u00fcy\u00fcl\u00fc d\u00fcnyas\u0131na ad\u0131m at\u0131n. Zihinsel netlik, duygusal denge ve cilt g\u00fczelli\u011fi i\u00e7in defne ya\u011f\u0131n\u0131n muazzam g\u00fcc\u00fcnden yararlan\u0131n. Mitolojik dokunu\u015fuyla defne ya\u011f\u0131, do\u011fan\u0131n e\u015fsiz bir hediyesidir. Do\u011fan\u0131n nefesini solumak i\u00e7in defne ya\u011f\u0131n\u0131 ke\u015ffedin<br \/>\nve g\u00fczellikte ve sa\u011fl\u0131kta e\u015fsiz bir yolculu\u011fa \u00e7\u0131k\u0131n.<\/p>\n<p><strong>Ne \u0130\u015fe Yarar ve Nas\u0131l Kullan\u0131l\u0131r:<\/strong><\/p>\n<p><span style=\"font-weight: 400;\">Kurutulmu\u015f defne yapraklar\u0131 Akdeniz ve Kuzey Amerika yemeklerinde s\u0131k s\u0131k yer almas\u0131n\u0131n yan\u0131 s\u0131ra mutfaklarda ve kilerlerde <\/span><span style=\"font-weight: 400;\">b\u00f6cek kovucu olarak da kullan\u0131l\u0131r<\/span><span style=\"font-weight: 400;\">. Defne; yapra\u011f\u0131n\u0131n, meyvesinin ve u\u00e7ucu ya\u011f\u0131n\u0131n <\/span><span style=\"font-weight: 400;\">\u00f6nleyici ve tedavi edici \u00f6zellikleri ile de \u00f6ne \u00e7\u0131kar.<\/span><\/p>\n<p><span style=\"font-weight: 300;\">Geleneksel t\u0131pta s\u0131kl\u0131kla tercih edilen defne yapra\u011f\u0131; sindirim ve bo\u015falt\u0131m sistemi problemleri ile romatizma ve ishal tedavisinde kullan\u0131lmaktad\u0131r. Geleneksel \u0130ran t\u0131bb\u0131nda epilepsi, sinir a\u011fr\u0131lar\u0131 ve Parkinson hastal\u0131\u011f\u0131n\u0131n tedavisinde kullan\u0131ld\u0131\u011f\u0131 da bilinmektedir.<\/span><\/p>\n<p><span style=\"font-weight: 300;\">Defne yapra\u011f\u0131 u\u00e7ucu ya\u011f\u0131; antibakteriyel, antifungal ve antioksidan \u00f6zellikleri nedeniyle, ila\u00e7, kozmetik ve g\u0131da ba\u015fta olmak \u00fczere \u00e7e\u015fitli end\u00fcstrilerde uzun s\u00fcredir kullan\u0131lmaktad\u0131r. Yap\u0131lan son \u00e7al\u0131\u015fmalar, hemoroit, dermatit ve romatizmal a\u011fr\u0131lar\u0131n tedavisinde de etkili olan defne yapra\u011f\u0131 u\u00e7ucu ya\u011f\u0131n\u0131n <\/span><span style=\"font-weight: 300;\">antimikrobiyal, a\u011fr\u0131 kesici, iltihap s\u00f6k\u00fcc\u00fc \u00f6zelliklere de sahip oldu\u011funu g\u00f6stermi\u015ftir<\/span><span style=\"font-weight: 300;\">.<\/span><\/p>\n<p><span style=\"font-weight: 300;\">Tedavi edici \u00f6zelliklerinin yan\u0131 s\u0131ra sabun yap\u0131m\u0131nda ve <\/span><span style=\"font-weight: 300;\">kepek \u00f6nleyici \u00f6zelli\u011fi<\/span><span style=\"font-weight: 300;\">\u00a0sayesinde sa\u00e7 bak\u0131m losyonlar\u0131nda tercih edilen defne yapra\u011f\u0131 u\u00e7ucu ya\u011f\u0131n\u0131n hasat sonras\u0131 \u00fcr\u00fcn korunmas\u0131nda <\/span><span style=\"font-weight: 300;\">bitkisel b\u00f6cek ilac\u0131 olarak kullan\u0131labilece\u011fi bilimsel ara\u015ft\u0131rmalar ile kan\u0131tlanm\u0131\u015ft\u0131r.<\/span><\/p>\n<p><span style=\"font-weight: 400;\">Do\u011fal bir temizleyici ve cilt yumu\u015fat\u0131c\u0131 olan Defne Yapra\u011f\u0131 U\u00e7ucu ya\u011f\u0131, konsantrasyon, odaklanma ve netlik duygular\u0131n\u0131 destekler.<\/span><\/p>\n<p><span style=\"font-weight: 400;\">Canland\u0131r\u0131c\u0131 bir aromaya ihtiya\u00e7 duydu\u011funuzda, Defne Yapra\u011f\u0131 u\u00e7ucu ya\u011f\u0131n\u0131 bulundu\u011funuz ortamda buhurdanl\u0131k ile yayabilir veya dif\u00fcz\u00f6rde kullanabilirsiniz. Bu faydalar\u0131na ek olarak Defne Yapra\u011f\u0131 esansiyel ya\u011f\u0131 <\/span><span style=\"font-weight: 400;\">temizlik i\u00e7in iyidir<\/span><span style=\"font-weight: 400;\">. Ana kimyasal bile\u015fenlerinden biri, son derece temizleyici olan okaliptold\u00fcr. Cildi temizlemeye yard\u0131mc\u0131 olmak i\u00e7in kullan\u0131lacak kadar naziktir, ancak ferahlat\u0131c\u0131 bir y\u00fczey temizleyicisi olarak kullan\u0131labilecek kadar g\u00fc\u00e7l\u00fcd\u00fcr.<\/span><\/p>\n<p><span style=\"font-weight: 400;\">Defne Yapra\u011f\u0131 ya\u011f\u0131 ayr\u0131ca masajla birlikte topikal olarak kullan\u0131ld\u0131\u011f\u0131nda yat\u0131\u015ft\u0131r\u0131c\u0131 ve dinlendirici bir deneyim sunar. <\/span><span style=\"font-weight: 400;\">Defne Yapra\u011f\u0131 esansiyel ya\u011f\u0131 ayr\u0131ca lekelerin g\u00f6r\u00fcn\u00fcm\u00fcn\u00fc azaltabilir ve berrak g\u00f6r\u00fcnen bir ten rengi sa\u011flayabilir.<\/span><\/p>\n<p>\u25cf Bebeklerde ve yeti\u015fkinlerde \u015fi\u015flik ve gaz sorunlar\u0131n\u0131 \u00e7\u00f6zmede, olduk\u00e7a etkilidir.<br \/>\n\u25cf A\u011f\u0131z i\u00e7i ve di\u015flerde olu\u015fan iltihap problemlerinde,<br \/>\n\u25cf El, ayak kurumas\u0131 ve \u00e7atlamalarda olduk\u00e7a etkilidir.<\/p>\n<p><strong>Kullan\u0131m:<\/strong><\/p>\n<ul>\n<li>Defne ya\u011f\u0131 salatalara, zeytinya\u011fl\u0131 yemeklere 2 damlay\u0131 ge\u00e7meyecek \u015fekilde kat\u0131labilir. Kan \u015fekerini dengeler.<\/li>\n<li>1 fincan suya veya 1 kesme \u015feker \u00fczerine 1 damla damlat\u0131larak g\u00fcnde 2 defay\u0131 ge\u00e7meyecek \u015fekilde defne ya\u011f\u0131 t\u00fcketilebilir.<\/li>\n<li>Defne ya\u011f\u0131 di\u011fer ya\u011flarla (hindistancevizi ya\u011f\u0131, zeytinya\u011f\u0131, badem ya\u011f\u0131 gibi) kar\u0131\u015ft\u0131r\u0131larak sa\u00e7 diplerine masaj yap\u0131larak uygulanabilir. 1 saat beklenip suyla durulan\u0131r. Sonras\u0131nda sa\u00e7lar \u015fampuanla y\u0131kan\u0131r.<\/li>\n<li>Defne ya\u011f\u0131 haftada iki kereyi ge\u00e7meyecek \u015fekilde cilde uygulanabilir. Bir fincan su veya 1-2 yemek ka\u015f\u0131\u011f\u0131 zeytinya\u011f\u0131na 4-5 damla defne ya\u011f\u0131 eklenip cilde uygulan\u0131r. 30 dakika sonra bol su ile durulan\u0131r. Veya pamuk \u00fczerine 4-5 damla damlat\u0131larak cilde s\u00fcr\u00fcl\u00fcr 30 dakika sonra durulan\u0131r.<\/li>\n<\/ul>\n<p><strong>Kullan\u0131m \u00d6nerileri:<\/strong><\/p>\n<p><b>Dif\u00fczyon: <\/b><span style=\"font-weight: 400;\">Se\u00e7ti\u011finiz dif\u00fcz\u00f6rde 2 veya 3 damla kullan\u0131n.<\/span><span style=\"font-weight: 400;\"><br \/>\n<\/span><b>Dahili: <\/b><span style=\"font-weight: 400;\">Bir damla defne ya\u011f\u0131n\u0131 100 ml su veya g\u0131da olarak kullanabilece\u011finiz bir ta\u015f\u0131y\u0131c\u0131 ya\u011fda seyrelterek kullanabilirsiniz.<\/span><span style=\"font-weight: 400;\"><br \/>\n<\/span><b>Topikal kullan\u0131m: <\/b><span style=\"font-weight: 400;\">\u0130stenilen b\u00f6lgeye 1-2 damla uygulay\u0131n. Herhangi bir cilt hassasiyetini en aza indirmek i\u00e7in <\/span><span style=\"font-weight: 400;\">Hindistan Cevizi Ya\u011f\u0131, Tatl\u0131 Badem Ya\u011f\u0131, Sar\u0131 Kantaron Ya\u011f\u0131 gibi bir ta\u015f\u0131y\u0131c\u0131 ya\u011f ile seyreltin.<\/span><\/p>\n<p>Uyar\u0131lar:<br \/>\n<span style=\"font-weight: 400;\">Olas\u0131 bir cilt hassasiyeti ya\u015famamak i\u00e7in, <\/span><span style=\"font-weight: 400;\">cildinize uygularken mutlaka bir ta\u015f\u0131y\u0131c\u0131 ya\u011f ile seyreltin.<\/span> <span style=\"font-weight: 400;\">\u00c7ocuklar\u0131n eri\u015femeyece\u011fi yerlerde saklay\u0131n. Hamileyseniz, emziriyorsan\u0131z veya doktor bak\u0131m\u0131 alt\u0131ndaysan\u0131z, kullanmadan \u00f6nce mutlaka doktorunuza dan\u0131\u015f\u0131n. G\u00f6zler, i\u00e7 kulaklar ve hassas b\u00f6lgelerle temastan ka\u00e7\u0131n\u0131n.<\/span><\/p>\n","protected":false},"excerpt":{"rendered":"<p>Efsanevi Yaprak: U\u00e7ucu Defne Ya\u011f\u0131n\u0131n S\u0131rl\u0131 D\u00fcnyas\u0131 U\u00e7ucu defne ya\u011f\u0131, tarihi antik Roma d\u00f6nemlerine dayanan defne a\u011fac\u0131n\u0131n yapraklar\u0131ndan elde edilir. Antik Yunan ve Roma k\u00fclt\u00fcrlerinde sembolik bir \u00f6neme sahip olan defne, g\u00fczellik ve sa\u011fl\u0131k rit\u00fcallerinde yayg\u0131n olarak kullan\u0131lm\u0131\u015ft\u0131r. Defne dal\u0131n\u0131n mitolojik dokunu\u015fu, bu ya\u011f\u0131 tarih boyunca de\u011ferli k\u0131lm\u0131\u015ft\u0131r. Mitolojik Esinti: U\u00e7ucu Defne Ya\u011f\u0131 \u0130le Yeniden [&hellip;]<\/p>\n","protected":false},"featured_media":6808,"comment_status":"open","ping_status":"closed","template":"","meta":[],"product_cat":[15,132],"product_tag":[],"class_list":{"0":"post-6424","1":"product","2":"type-product","3":"status-publish","4":"has-post-thumbnail","6":"product_cat-tum-urunler","7":"product_cat-cilt-ve-genel-saglik","9":"first","10":"instock","11":"taxable","12":"shipping-taxable","13":"purchasable","14":"product-type-simple"},"_links":{"self":[{"href":"https:\/\/www.mettoils.com\/index.php?rest_route=\/wp\/v2\/product\/6424","targetHints":{"allow":["GET"]}}],"collection":[{"href":"https:\/\/www.mettoils.com\/index.php?rest_route=\/wp\/v2\/product"}],"about":[{"href":"https:\/\/www.mettoils.com\/index.php?rest_route=\/wp\/v2\/types\/product"}],"replies":[{"embeddable":true,"href":"https:\/\/www.mettoils.com\/index.php?rest_route=%2Fwp%2Fv2%2Fcomments&post=6424"}],"version-history":[{"count":5,"href":"https:\/\/www.mettoils.com\/index.php?rest_route=\/wp\/v2\/product\/6424\/revisions"}],"predecessor-version":[{"id":6930,"href":"https:\/\/www.mettoils.com\/index.php?rest_route=\/wp\/v2\/product\/6424\/revisions\/6930"}],"wp:featuredmedia":[{"embeddable":true,"href":"https:\/\/www.mettoils.com\/index.php?rest_route=\/wp\/v2\/media\/6808"}],"wp:attachment":[{"href":"https:\/\/www.mettoils.com\/index.php?rest_route=%2Fwp%2Fv2%2Fmedia&parent=6424"}],"wp:term":[{"taxonomy":"product_cat","embeddable":true,"href":"https:\/\/www.mettoils.com\/index.php?rest_route=%2Fwp%2Fv2%2Fproduct_cat&post=6424"},{"taxonomy":"product_tag","embeddable":true,"href":"https:\/\/www.mettoils.com\/index.php?rest_route=%2Fwp%2Fv2%2Fproduct_tag&post=6424"}],"curies":[{"name":"wp","href":"https:\/\/api.w.org\/{rel}","templated":true}]}}