{"id":7294,"date":"2025-04-08T04:01:38","date_gmt":"2025-04-08T01:01:38","guid":{"rendered":"https:\/\/www.mettoils.com\/?post_type=product&#038;p=7294"},"modified":"2025-04-08T04:01:38","modified_gmt":"2025-04-08T01:01:38","slug":"mettoils-sari-kantaron-yagi-50-ml","status":"publish","type":"product","link":"https:\/\/www.mettoils.com\/?product=mettoils-sari-kantaron-yagi-50-ml","title":{"rendered":"Mettoils Sar\u0131 Kantaron Ya\u011f\u0131 50 ml"},"content":{"rendered":"","protected":false},"excerpt":{"rendered":"","protected":false},"featured_media":7295,"comment_status":"open","ping_status":"closed","template":"","meta":[],"product_cat":[15],"product_tag":[187,189,190,191],"class_list":{"0":"post-7294","1":"product","2":"type-product","3":"status-publish","4":"has-post-thumbnail","6":"product_cat-tum-urunler","7":"product_tag-50-ml","8":"product_tag-kantaron-yagi","9":"product_tag-mettoils-kantaron-yagi","10":"product_tag-sari-kantaron-yagi","12":"first","13":"instock","14":"taxable","15":"shipping-taxable","16":"purchasable","17":"product-type-simple"},"_links":{"self":[{"href":"https:\/\/www.mettoils.com\/index.php?rest_route=\/wp\/v2\/product\/7294","targetHints":{"allow":["GET"]}}],"collection":[{"href":"https:\/\/www.mettoils.com\/index.php?rest_route=\/wp\/v2\/product"}],"about":[{"href":"https:\/\/www.mettoils.com\/index.php?rest_route=\/wp\/v2\/types\/product"}],"replies":[{"embeddable":true,"href":"https:\/\/www.mettoils.com\/index.php?rest_route=%2Fwp%2Fv2%2Fcomments&post=7294"}],"version-history":[{"count":1,"href":"https:\/\/www.mettoils.com\/index.php?rest_route=\/wp\/v2\/product\/7294\/revisions"}],"predecessor-version":[{"id":7296,"href":"https:\/\/www.mettoils.com\/index.php?rest_route=\/wp\/v2\/product\/7294\/revisions\/7296"}],"wp:featuredmedia":[{"embeddable":true,"href":"https:\/\/www.mettoils.com\/index.php?rest_route=\/wp\/v2\/media\/7295"}],"wp:attachment":[{"href":"https:\/\/www.mettoils.com\/index.php?rest_route=%2Fwp%2Fv2%2Fmedia&parent=7294"}],"wp:term":[{"taxonomy":"product_cat","embeddable":true,"href":"https:\/\/www.mettoils.com\/index.php?rest_route=%2Fwp%2Fv2%2Fproduct_cat&post=7294"},{"taxonomy":"product_tag","embeddable":true,"href":"https:\/\/www.mettoils.com\/index.php?rest_route=%2Fwp%2Fv2%2Fproduct_tag&post=7294"}],"curies":[{"name":"wp","href":"https:\/\/api.w.org\/{rel}","templated":true}]}}