{"id":7300,"date":"2025-04-08T04:23:58","date_gmt":"2025-04-08T01:23:58","guid":{"rendered":"https:\/\/www.mettoils.com\/?post_type=product&#038;p=7300"},"modified":"2025-04-08T04:24:52","modified_gmt":"2025-04-08T01:24:52","slug":"mettoils-ceviz-yagi-soguk-sikim-50-ml","status":"publish","type":"product","link":"https:\/\/www.mettoils.com\/?product=mettoils-ceviz-yagi-soguk-sikim-50-ml","title":{"rendered":"Mettoils Ceviz Ya\u011f\u0131 So\u011fuk S\u0131k\u0131m 50 ml"},"content":{"rendered":"","protected":false},"excerpt":{"rendered":"","protected":false},"featured_media":7301,"comment_status":"open","ping_status":"closed","template":"","meta":[],"product_cat":[15],"product_tag":[196,194,195],"class_list":{"0":"post-7300","1":"product","2":"type-product","3":"status-publish","4":"has-post-thumbnail","6":"product_cat-tum-urunler","7":"product_tag-mettoils-ceviz-yagi","8":"product_tag-mettoils-ceviz-yagi-soguk-sikim","9":"product_tag-mettoils-ceviz-yagi-soguk-sikim-50-ml","11":"first","12":"instock","13":"taxable","14":"shipping-taxable","15":"purchasable","16":"product-type-simple"},"_links":{"self":[{"href":"https:\/\/www.mettoils.com\/index.php?rest_route=\/wp\/v2\/product\/7300","targetHints":{"allow":["GET"]}}],"collection":[{"href":"https:\/\/www.mettoils.com\/index.php?rest_route=\/wp\/v2\/product"}],"about":[{"href":"https:\/\/www.mettoils.com\/index.php?rest_route=\/wp\/v2\/types\/product"}],"replies":[{"embeddable":true,"href":"https:\/\/www.mettoils.com\/index.php?rest_route=%2Fwp%2Fv2%2Fcomments&post=7300"}],"version-history":[{"count":1,"href":"https:\/\/www.mettoils.com\/index.php?rest_route=\/wp\/v2\/product\/7300\/revisions"}],"predecessor-version":[{"id":7302,"href":"https:\/\/www.mettoils.com\/index.php?rest_route=\/wp\/v2\/product\/7300\/revisions\/7302"}],"wp:featuredmedia":[{"embeddable":true,"href":"https:\/\/www.mettoils.com\/index.php?rest_route=\/wp\/v2\/media\/7301"}],"wp:attachment":[{"href":"https:\/\/www.mettoils.com\/index.php?rest_route=%2Fwp%2Fv2%2Fmedia&parent=7300"}],"wp:term":[{"taxonomy":"product_cat","embeddable":true,"href":"https:\/\/www.mettoils.com\/index.php?rest_route=%2Fwp%2Fv2%2Fproduct_cat&post=7300"},{"taxonomy":"product_tag","embeddable":true,"href":"https:\/\/www.mettoils.com\/index.php?rest_route=%2Fwp%2Fv2%2Fproduct_tag&post=7300"}],"curies":[{"name":"wp","href":"https:\/\/api.w.org\/{rel}","templated":true}]}}